75)?
27
What is the value of 2 + 10 - ((2 - 5) + 11)?
4
Calculate (-5 - (-14 - (-3 + 10))) + 1.
17
Evaluate (4 - -2) + -13 + -12 + 31.
12
Evaluate 52 + -38 - (-2 - 0).
16
Calculate (-8 - -17) + -14 - (4 + -4 + 4).
-9
(1 - 18) + (124 - (114 - 27))
20
Evaluate (15 - (-3 + 26)) + 2.
-6
What is 22 + -42 - (-14 + (0 - -2))?
-8
What is the value of 1 + (2 - 11) + (-9 - -20)?
3
What is 21 - (22 - (-23 - -9))?
-15
23 + -27 - (10 + -46 - -3)
29
Calculate (7 - (1 - (-2 - -4))) + -9.
-1
Calculate 5 + -22 + 23 + -15.
-9
What is 0 - (-14 - -1 - 5 - -5)?
13
What is the value of 8 + -2 + 123 + -143?
-14
What is 17 - (16 + -13) - (-3 + -3) - 7?
13
Calculate -1 + -5 + 2 + 16.
12
Calculate -12 + -2 + (71 - 61).
-4
Evaluate 47 + (-42 - -65 - 33).
37
Evaluate -3 + -1 + -1 + 2 + (-5 - 1).
-9
What is 2 + 4 + (-22 - (-4 + 4 - 5))?
-11
Calculate -18 + (4 + 0 - (-33 + 31)).
-12
What is (41 - 51) + 2 + -3 + 16?
5
What is the value of 7 + (-25 + 26 - -12)?
20
Calculate -19 - (-3 - -2 - (12 - (15 - 8))).
-13
What is 2 + -13 - (22 + -27)?
-6
5 - (-38 + 86 + -32)
-11
Evaluate -23 + 6 + 24 + -3.
4
Evaluate (-3 + 0 - (-1 - 0 - -2)) + -31.
-35
What is the value of (26 - (0 - -1)) + (39 + -1 - 43)?
20
25 + -1 + 11 - (-14 - -6 - -2)
41
What is -90 + 74 - (4 + -26)?
6
What is (-15 - (-12 - -8)) + 19 + 23?
31
What is the value of ((3 + -1 - 0) + 0 - -2) + 2?
6
What is 0 + 5 + -17 + (-3 - 1) + 18?
2
What is -1 + -58 + 53 - (1 - 16)?
9
Calculate 17 + -2 + -1 + 0 + 3 + -4.
13
33 + (1 - ((15 - 6) + 3)) - -3
25
Calculate (-16 - 16 - -13) + (-1 - -1) + 1.
-18
What is the value of -1 - -1 - 7 - (-6 - -3 - 22)?
18
(18 - 78) + 16 - -20
-24
What is 16 + (16 - (7 - 9))?
34
(380 - 369) + 1 + -20
-8
Calculate -25 - -1 - (-47 + 32).
-9
What is the value of -8 + -6 + (29 - 1)?
14
(-62 - 19) + 36 + 28
-17
Evaluate -18 + -11 + 9 + 4.
-16
What is 1390 - 1385 - (-1 - -12)?
-6
Calculate -11 + 21 + 0 + -11.
-1
What is 6 + (8 - 4 - 4) + -2 + 9?
13
What is the value of (2 - -22) + (0 - -12 - 23)?
13
5 - (-15 + (-10 + 28 - 7))
9
Evaluate (-4 - 0) + (-1 - 16).
-21
Calculate 1344 + -1346 + 21 + (0 - 0).
19
-12 + -8 + 37 - (2 - -9)
6
-1 + (-2 - (-5 + 9)) + -5 + 9
-3
Evaluate 2 - (0 + -2 + 6 - (59 + -69)).
-12
28 + -7 + -6 - 8
7
What is 43 + (-39 - -12) + -52?
-36
What is the value of 10 - (8 + (4 - 3 - 10))?
11
What is the value of -8 - 2 - (-14 + 21 + -14)?
-3
Calculate -1 + 9 - ((-8 - -13) + 0 + 0).
3
What is (-9 - 1) + (-23 - -16) + 4 + 2?
-11
11 - ((-1 - -5) + -4)
11
What is (-2 + -2 - (25 + -13)) + 8?
-8
Calculate (27 + -35 - -21) + 6.
19
What is the value of 9 + -8 - (8 + -1) - (-17 - -26)?
-15
What is the value of (7 - 0) + -4 + -23 + (29 - 34)?
-25
What is the value of 176 + -180 - (0 - 14 - -1)?
9
Evaluate 21 - (-1 + (-9 - (0 + -18) - 3)).
16
What is the value of 20 - (-7 - (10 - (9 + 5 - -6)))?
17
What is the value of 8 + -2 + -4 - -4 - 20?
-14
385 + -374 + (0 - -3)
14
Calculate -8 + 19 + 9 + -9 + 1.
12
(4 - 14) + 4 + -33 + 17 + 7
-15
4 + -5 + (-9 + 6 - -4 - 1)
-1
-18 + 15 + -1 + 8 + (-17 - -18)
5
Calculate (8 - 0 - 1) + (14 - 6) + 3.
18
What is the value of -4 + (-22 - -6) + 16?
-4
Calculate 8 - ((0 - -5 - -10) + 0).
-7
What is the value of 22 + (-35 - -15) + 17 + 0 - -2?
21
What is the value of -5 - -1 - (71 - 68)?
-7
-6 - 1 - (25 + (3 - 36))
1
Calculate -23 + 3 + -5 + 30.
5
Calculate 24 - (5 - (-10 - 25)).
-16
Calculate 8 + (-1 - (11 - (-4 + (0 - -10)))).
2
What is 0 + 6 + (13 + -12 - -1) + 10?
18
What is the value of 3 + (3 - 5) + -14 - -23?
10
What is 27 + -3 + 2 - 18?
8
Evaluate 17 - (14 - 1 - (-50 - -57)).
11
Calculate (0 - -12 - 1) + -16.
-5
What is the value of (13 - 19 - -7) + (1 - 0) + -2?
0
15 - -1 - (-12 - 0 - -3)
25
What is the value of -18 + 5 - (-35 + 32) - 6?
-16
-31 - (6 + -21 + 0)
-16
What is the value of -29 - (10 + 30 + -62)?
-7
2 - (-4 - (-1 - 8 - -4))
1
What is the value of 25 - (-8 - 8 - -60)?
-19
Calculate 3 - (3 - -3 - (9 + 0)).
6
Evaluate (19 - 23) + (8 - (-5 + 2)).
7
Evaluate -17 - (-22 - ((-32 - -9) + 15)).
-3
Evaluate 1 - (5 + (-26 - -11)) - 35.
-24
What is the value of (23 - (12 - 41)) + -39?
13
Evaluate 2 + 0 + 5 - 6 - -12.
13
What is 16 - (17 - 7) - 9?
-3
Evaluate (-10 - -2) + -10 + 3 + 7.
-8
What is 20 + (15 - 57 - 7)?
-29
Calculate -7 + 7 - (-21 - -12).
9
What is -1 + 1 + -5 + (-3 - (-6 - 14))?
12
Calculate 5 - (-42 - -49 - (1 + 6)).
5
15 - (-8 + 13 - -1)
9
What is -6 - (6 + -1 + 7) - (-31 - -35)?
-22
What is the value of -2 + 17 - (6 + 16) - -16?
9
Calculate 1 + (7 - 2 - -9) - 3.
12
-24 + -1 + 2 - (-228 - -219)
-14
Evaluate 40 + -24 - (7 + -2 + 3 + -5).
13
9 + (-1 - -6 - (-51 + 57))
8
What is the value of 13 - 6 - (-7 - (-9 + 2)) - 18?
-11
What is the value of 4 + (-4 - (27 - 10))?
-17
(-2 - 1) + (1 - -10 - (-9 - -2))
15
8 + -2 - (7 + -11 + 4 - -14)
-8
Calculate -6 - (-6 + 4 + -18 + 11).
3
(18 - 36 - -2) + 9
-7
-9 + (24 - 1 - 12)
2
What is the value of 44 + -19 - (-3 - -2)?
26
What is the value of (0 - 6) + (-401 - -400)?
-7
What is 15 - (7 + -6 + (-6 + -2 - -13))?
9
What is 8 - (-25 + 19) - 38?
-24
What is the value of -17 - (-27 + -1 + 22 + (-1 - -11))?
-21
Evaluate 5 + (-2 - -17 - -11) + -13.
18
Evaluate -7 - (8 - (-8 + 14)) - -25.
16
Calculate -7 + -4 - -26 - 24.
-9
What is -14 + 9 + 10 - (-2 + 1)?
6
3 + 0 + -14 + 10 + 3
2
Evaluate -2 + (4 - (29 + -12)) + 7 + 0.
-8
Evaluate 9 - 4 - (0 - 2) - (-337 + 330).
14
Evaluate -4 + ((16 - (-1 + 8)) + -8 - 0).
-3
Calculate -1 + (6 - 15) + 17 + -18.
-11
(-2 - -4 - (11 - -2)) + 6
-5
24 + -2 + (0 - 6 - (18 - 18))
16
What is 10 + (14 - -8) + -15 + -35?
-18
Evaluate -16 + (1 - -1) - (-6 - (4 + -6)).
-10
Calculate -7 - (3 - 1 - (6 - 13)).
-16
What is the value of -11 + -1 - (-76 + 55) - 2?
7
(9 - (-11 + 9 - -10)) + -1 + 5
5
5 + -1 - (10 + (24 - 32))
2
-10 + 1 + 4 - -3
-2
Calculate -5 - -1 - (-15 - -17).
-6
Calculate (11 - 3 - 1) + 5 + -10 + -2.
0
What is -5 + (-9 - (-17 - -13) - -8)?
-2
What is 16 + (8 - (39 + -6 - 12))?
3
Evaluate -10 + 2 + -15 + 18 + 10.
5
Calculate 5 + -10 + -15 + 11.
-9
25 + (-31 - (29 + -19))
-16
Evaluate -171 + 156 - (-8 - -2).
-9
Evaluate -3 + -5 + -3 + 41 + -48.
-18
What is the value of 6 + (-8 - -31) + -23?
6
What is the value of -6 + 14 - (-2 + -1)?
11
What is the value of (-16 - -2) + -71 + (80 - 30)?
-35
Evaluate 6 + (-12 + 11 - 4).
1
(2 - 0) + 2 + (-5 - (-8 - -1))
6
What is the value of (15 + -25 - (-4 + 0)) + 10?
4
Calculate -12 - ((2 - -1) + -69 + 67).
-13
(4 - (9 - -6)) + -12
-23
What is the value of 24 + -36 - (-20 + 5 + 1)?
2
Calculate (6 - (-4 - -3)) + 84 + -87 - 14.
-10
-11 + (11 - (25 - 24))
-1
What is 0 + 32 + (88 - 89) + -2 + -2?
27
167 - 174 - (0 - -18)
-25
What is the value of -310 + 292 + (28 - 1)?
9
Calculate -33 - -1 - (-5 - ((-45 - -25) + 22)).
-25
Evaluate -14 - (12 + 9 + -16) - -11.
-8
5 + (-28 - -16) + (30 - 1)
22
What is (-20 - -24) + -3 + 7 + 11?
19
3 - -9 - (38 - -9 - 14)
-21
What is (3 - 3 - 13) + 15?
2
43 - 24 - (6 + (4 - 2))
11
-3 - (13 + -6 + 1 - 2)
-9
(-2 - (-22 + 61)) + 21
-20
Evaluate (6 - (10 - (9 + -6))) + 1.
0
11 - ((-18 - -7) + 61 + -4)
-35
What is 0 + -10 - (5 - (34 + -14))?
5
(-12 - -30 - 38) + 17 + 16
13
(16 - -1) + 3 + 0 + -6
14
What is the value of 2 + -4 + (13 - 15) - (16 + -2)?
-18
What is the value of -21 + 31 - (10 - (5 + -3))?
2
2 - (-8 - (-5 - 0)) - (7 + -14)
12
What is 52 - (-14 + 14 + 28)?
24
What is the value of -66 - -47 - (13 - (-2 + (2 - -3)))?
-29
What is -3 + (5 - (-6 + 18 + -3)) + 7?
0
What is the value of -1 + -41 + (-8 - 4) + 11 + 2?
-41
Evaluate -2 + 11 + (19 - 16 - (-2 - -9)).
5
What is the value of 3 - (-23 + (1 - -3 - 14) - -8)?
28
What is the value of -5 + 3 + (3 - 5) + 6 + 0?
2
What is the value of -5 + 15 + -7 + -10?
-7
Calculate 0 - 6 - (-12 + -16 - -35).
-13
Calculate 37 + -32 + -4 + (-1 - (-4 - -1)).
3
What is -7 + -1 + 115 + -117?
-10
Evaluate 12 + -6 + (-16 - -16).
6
8 - (-1 + -2 + 4 - (-85 + 64))
-14
Calculate 5 + 46 + -30 + -6 + 1.
16
What is the value of 5 + (11 - 3) + -32?
-19
What is the value of (-26 + 41 - 0) + 4 + 8?
27
Evaluate -1 + (-27 + 26 - (2 + -8)).
4
Evaluate 5 - ((5 - (6 + -9)) + 9).
-12
(-45 - -26) + (-5 - -10)
-14
3 + 9 + 33 + -46
-1
What is 6 + (-8 - (-15 + 3)) + -5 + -6?
-1
Calculate (14 - (12 - (-8 + 11))) + (0 - 7).
-2
What is the value of 15 + (-6 - -11) + -33 - (-2 + -5)?
-6
What is -3 + 0 - (-39 + 